 - (-1 - -8)
-6
Calculate 4 - (-3 - -3) - 8.
-4
Evaluate (-2 - -9) + 17 + -18.
6
Evaluate 1 + -8 - (-1 + -3).
-3
What is the value of (5 - 1) + 12 + -12?
4
-6 + (-3 - -9 - 6)
-6
Calculate 4 - ((0 - -7) + -3).
0
Evaluate 2 + (2 - -4 - 13).
-5
Calculate 6 - (2 + -5 + (-16 - -16)).
9
-1 + -4 + 9 - 3
1
What is the value of 2 + -3 + 4 + -1?
2
What is the value of -5 + 4 + 0 + -2?
-3
(4 + -4 - 1) + -6 + 3
-4
Calculate 0 + 3 + (-2 - -3).
4
Evaluate -6 - -1 - -6 - 2.
-1
Calculate -43 + 36 + (1 - 2) + 6.
-2
What is 6 + -4 + 2 + 3?
7
Calculate -16 - (-11 - 10) - (10 + -1).
-4
What is -3 + (12 + 2 - 6)?
5
(1 - -10) + -11 + -1
-1
Evaluate 11 - 12 - (0 + -4).
3
What is the value of 9 - (5 - -1) - 4?
-1
(-2 - (-5 + 3)) + 4 + -4
0
Evaluate 2 + -5 - (1 + 0 - 2).
-2
Evaluate 2 + -3 + (1 + -8 - -3).
-5
What is 8 + -10 + (-1 - (-7 + 1))?
3
What is 5 - 4 - (1 + (-1 - 0))?
1
Evaluate (-26 - -31) + 0 + -1.
4
What is -22 - -21 - (5 + -1 + -1)?
-4
Evaluate -3 - -4 - (2 + 1).
-2
Evaluate 24 - 41 - (-10 + -1).
-6
Evaluate -10 - -8 - -6 - 6.
-2
Evaluate -5 + 3 + (7 - 2).
3
Evaluate 5 - (2 - (4 + -13 + 5)).
-1
What is the value of -11 + (-2 - (-4 + -2))?
-7
Evaluate 1 + 8 + -5 - 5.
-1
Evaluate -2 - (-4 - (-6 + 11 + -5)).
2
Calculate (0 - 3 - (-3 - -4)) + 8.
4
-2 + (2 - 1) + 1 - -4
4
4 + 2 + (-5 - -6 - 6)
1
3 + -12 + 7 + 4
2
2 + 1 + (-4 - 9 - -7)
-3
What is (8 - 0) + (-3 - 5) + 2?
2
Calculate (8 - 15 - -8) + (-3 - -4).
2
What is 1 + -12 + 28 + -8?
9
Evaluate 0 + -4 - (-5 - 0).
1
What is 19 - 17 - (2 + -8)?
8
-1 + 0 - (0 + 8 + -2)
-7
Evaluate 3 + -9 + 4 + 3.
1
-8 + 1 - (-42 - -40)
-5
What is the value of 7 + -1 + -1 + 0?
5
What is -7 + (11 - 5) - 4?
-5
What is the value of 5 + (-1 - (1 - -9))?
-6
What is the value of -7 + -6 + 8 + -5 + 10?
0
What is the value of 3 - 4 - 1 - -1?
-1
What is -1 + 10 + 5 + -9?
5
What is the value of -4 + (-7 - 1) + 15?
3
1 + 3 + 1 - (-23 + 26)
2
Evaluate 0 - (-4 + (-10 - -23)).
-9
Calculate 1 + 5 + 2 + -5.
3
What is the value of -1 - (-4 - -3 - (6 + -1))?
5
3 - (1 - 0) - (-1 + 7)
-4
What is (-11 - (5 - 13)) + (0 - 2)?
-5
Evaluate 3 + 1 - (-2 + 8).
-2
What is the value of (2 - -1) + -1 + -3 + 0?
-1
Evaluate -15 + 2 - (0 - 6) - -5.
-2
0 - (-5 + -2) - 2
5
What is the value of 4 + (5 - 8) - 0 - -2?
3
6 - (14 + -6) - -7
5
What is -6 + (8 - 2 - (0 - -2))?
-2
What is the value of 3 - 8 - 2 - -6?
-1
Calculate 2 + -7 + 8 - 3.
0
-1 + (2 - -3) + -30 + 27
1
What is the value of -1 - -2 - (6 + -3 - 2)?
0
What is the value of 4 + -4 + 9 - 11?
-2
Calculate -8 + (-6 - -11 - -4).
1
Calculate (-2 + 1 - 3) + 3.
-1
Calculate -6 + 1 + -6 + 7.
-4
What is -1 + -2 + (5 - (3 - -3))?
-4
1 + (-7 - (7 + -8))
-5
What is the value of -1 + (-1 - -8) - (0 - -2)?
4
What is 3 + (0 - 3 - (0 + 0))?
0
Evaluate -1 + 0 - 2 - (-1 - 1).
-1
What is 4 + (0 - 11) + 4?
-3
What is 5 + -5 - (-2 + 2)?
0
Calculate -3 + 1 + 2 + -1.
-1
What is -11 - (7 + -1 - 18)?
1
Evaluate 4 + (5 - -2) - (-8 + 12).
7
What is the value of (6 - (-1 + 5)) + 2?
4
What is the value of 11 + (-1 - 2) - (9 + -4)?
3
64 + -66 - (-3 + 2 - -6)
-7
Evaluate (8 - 18) + 6 + 6.
2
Calculate -4 + (4 - 2) + 3.
1
What is -2 - -4 - ((-4 - -1) + 10)?
-5
Evaluate -1 + 0 - (-4 + 2) - 1.
0
Calculate 0 + 0 + -4 - (1 + -1).
-4
What is -8 - -3 - (3 + -7)?
-1
What is the value of 1 - (-9 - -4) - (1 + 0)?
5
What is the value of -4 + 0 - (0 + -3 + 4)?
-5
What is 0 + 1 + (-3 - -6 - -1)?
5
Evaluate 3 - (-2 - -1) - 3 - 4.
-3
What is -14 - (-17 - -8) - -10?
5
What is -3 - (0 - (5 - 0)) - -2?
4
Evaluate -1 + -1 + -1 - 1.
-4
Evaluate 0 - -1 - (0 + 1 + 0).
0
What is the value of (-4 + -1 - -3) + 0 + -1?
-3
What is the value of (4 - 4 - 0) + 3 + 2?
5
Evaluate 1 - (-6 + 11 - 4).
0
(1 - -3) + -9 - 0
-5
(-5 - (4 + -15)) + (1 - 5)
2
Calculate -1 + -1 + (4 - -5 - 8).
-1
Evaluate -12 + (0 + -4 + 10 - -2).
-4
(5 - (-4 - -12)) + 0 + -1
-4
What is -15 - (-1 + 1 + 3 + -10)?
-8
36 + -17 + -15 + 1 + 0
5
(4 - 3) + (-1 - 6) + 3
-3
-1 + 2 + -5 + (-8 - -15)
3
What is (0 - -6) + -5 - -3 - 2?
2
Calculate 2 + -2 + 19 + -18 + -2.
-1
Calculate 0 - (-14 + 4 - (-3 + 1)).
8
What is 6 + (3 + -3 + 5 - 16)?
-5
What is the value of 2 - (-2 + 1) - 13?
-10
Evaluate (-52 - -47) + 2 + (0 - -5).
2
Evaluate 1 + 1 - (-5 + 5 + -4).
6
Calculate -1 + 2 + 4 + 0 + -7.
-2
What is the value of (9 - 7) + -6 - -8?
4
-2 - 0 - (-6 - -3) - 5
-4
(3 - (2 - -2)) + 4 + -7
-4
Evaluate -1 + (-3 - -6) + 2.
4
Evaluate -9 - (-14 + 4 - -9).
-8
Calculate -6 - (4 - (-8 - -12) - 0).
-6
What is -2 + 3 - (-1 - -5 - 1)?
-2
What is the value of (7 - -7 - 20) + 12?
6
What is 3 + (-1 - (2 + -5))?
5
Calculate 28 + -36 - (1 + -13).
4
-6 + 8 - 6 - 1
-5
What is (-1 - -3) + 12 + -15?
-1
-2 + 2 - (3 - 1 - -1)
-3
Calculate (13 - 13) + 8 - (8 - 1).
1
Evaluate 1 - -7 - (-37 + 47).
-2
What is the value of -2 + 0 - (4 + -7 - 1)?
2
What is the value of -9 - 3 - (-12 + 3)?
-3
What is the value of 1 + 0 + -1 + -2 - -6?
4
Evaluate -1 + 5 + (-3 - 7).
-6
1 - -1 - (-2 + 2 + 2)
0
What is the value of -8 - (5 + -2 + -8 - 2)?
-1
(4 - (-2 - -5)) + 2
3
(-4 + 10 + -4 - 7) + -2
-7
What is -5 + 11 + -5 + (0 - 2)?
-1
Calculate -4 - -6 - (3 - -2).
-3
What is the value of 58 + -58 - (-12 - -2)?
10
Evaluate 11 + -21 + 2 + 11.
3
Evaluate (-2 - 0 - 11) + 9.
-4
Evaluate -1 - (-1 + -3) - 3.
0
(-1 - (4 - 2)) + 9 + -3
3
What is -8 + -1 + 1 - -8?
0
Calculate 0 - 5 - (-11 - -6).
0
What is the value of -4 + (-8 - -18) - (-1 - -3)?
4
(3 - (7 + -6)) + -6 + -1
-5
Calculate 5 - 5 - (1 - 0).
-1
(1 + 0 - -1) + -3
-1
What is the value of 1 + (1 - -2) + -4?
0
2 + -1 - (2 - (0 - -6))
5
What is the value of (1 - 0) + (-2 - (-12 - -9))?
2
What is -1 + 8 + (11 - 1 - 13)?
4
Calculate -2 + 0 + (-34 - -29) - -8.
1
Evaluate 5 - ((-7 + 7 - -8) + -2).
-1
Calculate (0 - -9) + -10 - (-7 - 0).
6
Evaluate -14 - (7 + (7 - 25)).
-3
What is the value of 5 + -2 + -11 + 4 + -2?
-6
Calculate -3 - ((-2 - -3 - 3) + -1).
0
-1 + (-11 - -5 - -4) + 3
0
What is the value of -3 + -1 + -2 + -1?
-7
What is (12 - 9) + (1 - 1)?
3
Calculate 1 + (-2 - 3) - (-6 - -3).
-1
-2 + (-4 - 7) + 6 + 0
-7
Calculate 1 - (-9 - (-7 + 1)).
4
(-1 - -4) + -10 + 5 + 1
-1
-1 + 3 + -3 + (-2 - -2)
-1
3 - (0 + (2 - 0) + -2)
3
What is the value of -5 + 1 + -4 + 8?
0
Calculate -2 + 10 + 0 + -15.
-7
-2 + -5 + -4 - (0 - 6)
-5
Calculate 4 + (4 - (7 + 0)).
1
What is the value of -11 + 8 + -7 - (-7 + 1)?
-4
What is 1 + (2 - 1) - -2?
4
What is (11 - 4) + -30 + 23?
0
What is 1 + -7 + 12 + -13 + 2?
-5
What is the value of (-2 - -3 - -5) + -2 - 4?
0
What is the value of -3 - -5 - 2 - (1 - 5)?
4
What is the value of (-7 + 14 - 0) + (-1 - 4)?
2
What is -6 + (-11 - -17) + (12 - 2)?
10
What is the value of (0 - -6) + (-6 - -2) - 4?
-2
Calculate 2 + 0 - ((9 - 3) + -5).
1
-2 - (2 + -4) - -3
3
What is 0 - 2 - (113 - 110)?
-5
Calculate -1 + 1 + (-15 - -19) - 2.
2
Evaluate 2 - (3 - (4 + 0) - -8).
-5
Evaluate -6 - (-5 - 0) - 2.
-3
(-29 - -10) + 10 - -10
1
Evaluate -5 + 4 - ((1 - 6) + 0).
4
What is the value of 0 + -3 - (-9 - 2 - -4)?
4
What is the value of (-1 - (4 - 1)) + (2 - -2)?
0
What is 4 + (-14 + 8 - (3 + -6))?
1
What is (-6 - 0 - -5) + 3 - -1?
3
What is 31 + -54 + (3 - -12)?
-8
Calculate 2 + -3 + 2 + (4 - 4).
1
What is -4 - (9 + 2 - 8)?
-7
What is the value of 12 + -1 - (14 + 2 - 11)?
6
Calculate -1 + 3 + (2 - 6 - -1).
-1
Evaluate 4 + (-2 + 4 - 5).
1
5 - (6 - 2) - (2 + -1)
0
What is 4 + 5 + -3 - 5 - 2?
-1
What is 3 - -1 - (2 - (-1 + 2))?
3
What is 5 - (-5 - (0 + -3) - -6)?
1
What is the value of (4 - 8) + 6 - (-2 - -4)?
0
What is the value of 1 - (0 - -4 - (-7 + 6))?
-4
Calculate (-18 - -22) + (0 - 3) + 0.
1
What is the value of 4 + (-2 - 1) + -9?
-8
What is 36 + -39 + (4 - (4 - 0))?
-3
What is the value of (-1 - 1 - (15 - 13)) + 9?
5
What is the value of -9 + (21 - (6 - (2 + -4)))?
4
Calculate 8 - 8 - (-3 + 1 + 4).
-2
What is 8 - (2 - (0 - -1) - -2)?
5
What is 5 - ((-2 - -5) + -3)?
5
Calculate 6 - (-8 - (-15 - -2)).
1
What is the value of 8 + -4 + 2 + -7?
-1
Evaluate -58 + 60 + (-1 - 3).
-2
Calculate (-9 - (4 + -2 + -3)) + 4.
-4
What is the value of -5 + (-3 - -3 - -7)?
2
Calculate (-1 - 0) + 59 + -54.
4
Evaluate -8 + (1 + 5 - -5).
3
Evaluate -7 + 21 + -9 - (-1 + 9).
-3
3 + -7 - (2 + -8) - 1
1
Evaluate -4 + 5 + 0 + -6 + 1.
-4
Calculate -7 + 3 + -7 + 9 - 7.
-9
Evaluate 0 + (7 - (5 + -6 + 4)).
4
Calculate 32 + -27 + -2 + 